*q + 2*q. What are the prime factors of a?
2
Let s(x) = x**3 - 9*x**2 + x + 11. Let f be s(9). What are the prime factors of 54/(-10)*f/(-6)?
2, 3
Suppose -4*k + 155 = 2*f + 3*f, -3*k + 69 = 2*f. Suppose -h + 4*h = f. List the prime factors of h.
3
Let g(c) = 6*c**3 - c**2 - 4*c + 3. List the prime factors of g(2).
3, 13
Let q(w) = -w + 2. Suppose -5*a = 4*k - 25, a - 20 = -k - 3*a. Let r be q(k). List the prime factors of 11 + r - (-1 - -3).
11
Let m = -48 - -18. Let h = 0 - m. What are the prime factors of h?
2, 3, 5
Suppose 16 = 4*k - 0. Suppose 5*z = k*z. Suppose z = 3*q - q - 24. List the prime factors of q.
2, 3
Let d(p) be the second derivative of p**3/6 + 5*p**2/2 + 4*p. What are the prime factors of d(12)?
17
Suppose -5*d + 28 = 13. List the prime factors of d.
3
Suppose 0 = -3*x + 27 + 51. List the prime factors of x.
2, 13
Suppose 63 = -f - 47. List the prime factors of f/(-4) - (-5)/(-10).
3
Let p(q) = 0*q**3 + 0*q**3 - 2*q**2 + 0*q**2 - 4*q**3. List the prime factors of p(-2).
2, 3
Let r be 2 + (-2 - 2/(-1)). Suppose r*s - 7 = 11. List the prime factors of (-2)/s - 235/(-45).
5
Let s(n) = -n**3 + 6*n**2 + 7*n + 3. Let t = 20 - 13. Let c be s(t). What are the prime factors of 2/(c/(-6) + 1)?
2
Suppose -35*o - 616 = -39*o. List the prime factors of o.
2, 7, 11
Let h(u) = -11*u - 17. Let w(j) = 6*j + 9. Let f(q) = 3*h(q) + 5*w(q). What are the prime factors of f(-4)?
2, 3
Let u = -1 + 13. Let g be (-2)/8 - (-99)/12. List the prime factors of (-2)/g - (-111)/u.
3
Suppose 5*z - 4*s - 45 = -2*s, 5*s = 25. List the prime factors of z.
11
Let a(d) = -d**2 + 34. Let c(q) = q**2 + q - 2. Let i be c(-2). What are the prime factors of a(i)?
2, 17
Suppose 1 = 4*h + 5. Let p(t) = 15*t**2. List the prime factors of p(h).
3, 5
Let w = 12 + 22. What are the prime factors of w?
2, 17
Let x = 117 - 15. Suppose -4*i - 2*g - x = 24, -5*g = -5*i - 180. List the prime factors of (3/9)/((-1)/i).
11
Suppose 3*y + 1998 = 12*y. What are the prime factors of y?
2, 3, 37
List the prime factors of -8*(-4)/8 - (0 + -172).
2, 11
Suppose -8*i + 4*i = -116. List the prime factors of i.
29
Let i = 11 - -6. What are the prime factors of i?
17
Let a(b) = -b**3 - 3*b**2 - 3*b - 1. Let x be a(-2). Let i = x + 7. List the prime factors of i.
2
Let n be (3/(-5))/(3/15). List the prime factors of (-20)/30 + (-29)/n.
3
Suppose -4*h + m + 150 = 2*m, 138 = 4*h - 5*m. List the prime factors of h.
37
Let p be -12 + 0 + 2 + -3. Let n = p - -37. List the prime factors of n.
2, 3
Let c be (-1 - 4/(-12))*-78. Suppose -u + 180 = 5*j, -u - c = -3*j + 64. List the prime factors of j.
37
Let h(a) = -77*a**3 + 2*a + 1. What are the prime factors of h(-1)?
2, 19
Suppose -3 = t - 2*t. Suppose t*q - 15 = -2*q. Suppose 98 = 5*f - q*g + 23, -3*f = -2*g - 46. List the prime factors of f.
2, 3
Suppose 4*a + 152 = 5*o, 0 = -4*a + 5 + 3. List the prime factors of o.
2
Suppose 1 = -0*g - g. Let k = g + 6. Suppose -k*f - 9 = -8*f. List the prime factors of f.
3
List the prime factors of (-25)/10*1/((-1)/4).
2, 5
Let l = 66 + -45. What are the prime factors of l?
3, 7
Suppose 0 = 3*x + 5 - 17. What are the prime factors of x?
2
Let k(u) = 2*u**3 - 5*u**2 + 7*u - 6. List the prime factors of k(4).
2, 5, 7
List the prime factors of 390/(-12)*-6*(-4)/(-3).
2, 5, 13
List the prime factors of (((-45)/(-6))/(-5))/((-1)/14).
3, 7
Suppose -4*g = -0*g - 48. Let x(f) = -f**3 + 7*f**2 + 2*f + 1. Let v be x(7). Suppose 3*i = g + v. List the prime factors of i.
3
Suppose 6*t = 16*t - 1850. List the prime factors of t.
5, 37
Suppose -131 = -5*g - i + 25, -g + 4*i = -27. List the prime factors of g.
31
Let g(v) = 3*v**3 - 5*v**2 - 2*v - 17. Let k(y) = 4*y**3 - 7*y**2 - 3*y - 26. Let h(t) = 7*g(t) - 5*k(t). What are the prime factors of h(0)?
11
Let h(g) = 5*g**2 + 2*g + 1. List the prime factors of h(4).
89
Let n be 1/2 + (-156)/(-8). Let y(m) = -2*m - 10. Let i be y(-7). Suppose 0*z + i*z = n. List the prime factors of z.
5
Suppose 4*v + v + 124 = 2*h, 5*h - 3*v - 310 = 0. What are the prime factors of h?
2, 31
Let k(n) = -n**3 + 11*n**2 - 8*n + 6. Let w be k(10). Suppose -3*m + 5*m = w. List the prime factors of m.
13
Suppose 3*j = 3*a + 4*j - 323, 3*a - 3*j = 303. List the prime factors of a.
2, 53
Suppose 0 = -p + 14 + 22. Let c = -3 - p. List the prime factors of 4/8 + c/(-2).
2, 5
Let v = -7 - -11. Let f = v + 16. List the prime factors of f.
2, 5
Let g(z) = z**2 + 4*z + 4. Let c be g(-9). What are the prime factors of c + -2*(-3)/6?
2, 5
Let f be 0/(-1)*9/(-18). List the prime factors of f - (0 - -2 - 35).
3, 11
Let q = 18 + -13. Suppose -2*i + 19 = 4*k - q, k - i = 3. List the prime factors of k.
5
Suppose 3 = -5*o + 18, 3*p = -4*o + 1035. What are the prime factors of p?
11, 31
Let j(d) = -73*d + 11. List the prime factors of j(-2).
157
Suppose -4*d = -5*r - 126 + 38, 5*r = d - 22. List the prime factors of d.
2, 11
Let q be (-4)/10 - (-180)/75. Suppose 2*d = -q*d + 48. What are the prime factors of d?
2, 3
Suppose -10 = -f - f. Suppose 4*k = -3*g + 203, -f*k - 158 + 498 = 5*g. Suppose g = 5*r + 24. What are the prime factors of r?
3
Let a = 10 - 8. Let r(w) = a*w - 2*w + 15 + w**2 - 3. What are the prime factors of r(0)?
2, 3
Let n(y) = 2*y + 6. Suppose -3*r - 3*b = -18, 5*r - b - b = 58. List the prime factors of n(r).
2, 13
Let l(n) = n**3 + 8*n**2 + 3*n - 7. Let r be l(-7). Suppose 0 = 4*z - r + 1, 4*m - 102 = -2*z. Let f = m - 8. List the prime factors of f.
3, 5
Suppose -18 = -5*w - 3. List the prime factors of (w/4)/(6/48).
2, 3
Let d(x) = 2*x**3 + 4*x - 3. List the prime factors of d(3).
3, 7
Suppose -29*o = -32*o + 150. What are the prime factors of o?
2, 5
What are the prime factors of (-252)/(-10) - (-2)/(-10)?
5
Let y be 0/(2/2)*-1. Suppose 7 = 4*v - 5*a - 6, -2*a = 2. Let h = y + v. List the prime factors of h.
2
Let v(o) be the second derivative of -3/2*o**2 + 0 + 0*o**3 + 1/12*o**4 + o. List the prime factors of v(3).
2, 3
Let s be (-26)/(-4) + (-3)/6. Let q = s + -3. Suppose -q*j + 11 = -22. List the prime factors of j.
11
List the prime factors of ((-1238)/(-5) - 4/(-10))/2.
2, 31
Suppose 3*w - w = 6. Let j = 1 - w. Let p = 13 + j. What are the prime factors of p?
11
Suppose -3*y = 4*a - 17, 5*a + 12 = -2*y + 3*y. What are the prime factors of y?
7
List the prime factors of (81/45)/((1/(-1))/(-5)).
3
Suppose -2*d + 5*z + 225 = 0, 2*d - z = -4*z + 233. What are the prime factors of d?
5, 23
Suppose 2*h - 5*q = 5, -4*q - 1 = -4*h + 3. Suppose 5*y - n - 16 = h, -3*y + 5*n + 13 = n. List the prime factors of y.
3
Suppose 722 = 6*m + 104. List the prime factors of m.
103
Let x(f) = 2*f + 12. List the prime factors of x(10).
2
Let j = 63 - 53. List the prime factors of j.
2, 5
Let d be (-29)/(-5) + (-2)/(-10). Suppose 7 = v - 8. Suppose p + v = d*p. What are the prime factors of p?
3
What are the prime factors of (-10)/30 - 1/(6/(-188))?
31
Let d(v) = -18*v + 52. What are the prime factors of d(-13)?
2, 11, 13
Suppose 5*s - 2 - 13 = 0. List the prime factors of (1/(-3))/(s/(-99)).
11
Let b = -2 + 11. Let q be (-2)/(-6) + 6/b. List the prime factors of q/2 - 108/(-8).
2, 7
Let t = 9 + 64. What are the prime factors of t?
73
Let y be ((-176)/24)/(2/(-3)). Suppose l = -4*h + y, 3*l - l - 32 = 2*h. What are the prime factors of l?
3, 5
Let d = 12 - 7. Suppose d*s - 8 = 3*s. Suppose p - 11 = -s. What are the prime factors of p?
7
Suppose -2*f = -3*f - 6. List the prime factors of (38/f)/(3/(-9)).
19
Suppose -13 = -5*x + 2. Let n(o) = o**3 - 8*o**2 + 6*o + 7. Let a be n(7). Suppose x*r - 63 = -3*q, -2*q + 3*r + 17 + a = 0. List the prime factors of q.
2
Let a be 7*((-4)/2)/(-2). Let y(f) = 4*f - 7. What are the prime factors of y(a)?
3, 7
Let w(m) = m**3 - 16*m**2 + 19*m + 24. List the prime factors of w(15).
2, 3, 7
Suppose 3*b = 296 - 272. List the prime factors of b.
2
Let a(x) be the third derivative of x**4/8 - x**3/2 + x**2. What are the prime factors of a(3)?
2, 3
Let q(y) = 18*y**2 + 9*y + 4. What are the prime factors of q(-4)?
2
Suppose -19 = 2*u - 71. Let b = 8 - u. Let o = b - -29. What are the prime factors of o?
11
Let f = 4 - 0. Suppose 2*l = f*u, -2*u + u - 5*l = -22. Suppose 84 = -0*v + 4*v - 5*s, 4*v = -u*s + 56. List the prime factors of v.
2
Suppose -2*u = -3*k - 7 + 2, -25